{"id":53328,"date":"2025-10-22T06:12:00","date_gmt":"2025-10-22T04:12:00","guid":{"rendered":"https:\/\/trendsanita.it\/?post_type=podcast&#038;p=53328"},"modified":"2025-11-16T12:24:11","modified_gmt":"2025-11-16T11:24:11","slug":"sanita-digitale-e-salute-circolare-il-ruolo-strategico-del-dato","status":"publish","type":"podcast","link":"https:\/\/trendsanita.it\/en\/podcast\/sanita-digitale-e-salute-circolare-il-ruolo-strategico-del-dato\/","title":{"rendered":"Sanit\u00e0 digitale e salute circolare: il ruolo strategico del dato"},"content":{"rendered":"\n<p>Per <strong>Marisa De Rosa<\/strong> (esperta di sanit\u00e0 digitale, membro del direttivo ASSD e gi\u00e0 direttrice del dipartimento di sanit\u00e0 del Cineca), il dato rappresenta la chiave per una sanit\u00e0 pi\u00f9 intelligente e sostenibile: uno strumento capace di migliorare la qualit\u00e0 delle cure, supportare le decisioni cliniche e rendere il paziente parte attiva del proprio percorso di salute.<\/p>\n\n\n\n<p>Nell&#8217;intervista a <em>TrendSanit\u00e0<\/em>, De Rosa riflette sul <strong>valore strategico dei dati per il SSN<\/strong> e sulla necessit\u00e0 di una governance capace di trasformarli in conoscenza e innovazione.<\/p>\n\n\n\n<p>L\u2019occasione di approfondire il tema sar\u00e0 il <strong>27 ottobre a Bologna<\/strong>, durante il convegno <em>\u201c<a href=\"https:\/\/assd.it\/news\/la-sanita-del-futuro-dati-tecnologie-e-salute-circolare\/\" target=\"_blank\" rel=\"noreferrer noopener\">La sanit\u00e0 del futuro: dati, tecnologie e salute circolare<\/a>\u201d<\/em> promosso da <strong>ASSD<\/strong> (Associazione Scientifica per la Sanit\u00e0 Digitale), di cui <em>TrendSanit\u00e0<\/em> \u00e8 media partner.<\/p>\n\n\n\n<p><\/p>\n","protected":false},"excerpt":{"rendered":"<p>Intervista a Marisa De Rosa (esperta di sanit\u00e0 digitale, membro del direttivo ASSD e gi\u00e0 direttrice del dipartimento di sanit\u00e0 del Cineca) sulla cultura del dato in Italia<\/p>\n","protected":false},"author":91,"featured_media":28929,"template":"","meta":{"footnotes":""},"tags":[1143],"rubrica":[],"speciale":[],"serie":[426],"class_list":{"0":"post-53328","1":"podcast","2":"type-podcast","3":"status-publish","4":"has-post-thumbnail","6":"tag-assd","7":"serie-trendview"},"yoast_head":"<!-- This site is optimized with the Yoast SEO plugin v27.4 - https:\/\/yoast.com\/product\/yoast-seo-wordpress\/ -->\n<title>Sanit\u00e0 digitale e salute circolare: il ruolo strategico del dato - TrendSanit\u00e0<\/title>\n<meta name=\"description\" content=\"Ascolta il podcast con Marisa De Rosa sulla cultura del dato in sanit\u00e0. Il tema sar\u00e0 al centro del convegno ASSD del 27 ottobre a Bologna\" \/>\n<meta name=\"robots\" content=\"index, follow, max-snippet:-1, max-image-preview:large, max-video-preview:-1\" \/>\n<link rel=\"canonical\" href=\"https:\/\/trendsanita.it\/en\/podcast\/sanita-digitale-e-salute-circolare-il-ruolo-strategico-del-dato\/\" \/>\n<meta name=\"twitter:card\" content=\"summary_large_image\" \/>\n<meta name=\"twitter:title\" content=\"Sanit\u00e0 digitale e salute circolare: il ruolo strategico del dato - TrendSanit\u00e0\" \/>\n<meta name=\"twitter:description\" content=\"Ascolta il podcast con Marisa De Rosa sulla cultura del dato in sanit\u00e0. Il tema sar\u00e0 al centro del convegno ASSD del 27 ottobre a Bologna\" \/>\n<meta name=\"twitter:image\" content=\"https:\/\/trendsanita.it\/wp-content\/uploads\/2023\/12\/logo-TrendView.jpg\" \/>\n<meta name=\"twitter:site\" content=\"@TrendSanita\" \/>\n<script type=\"application\/ld+json\" class=\"yoast-schema-graph\">{\"@context\":\"https:\\\/\\\/schema.org\",\"@graph\":[{\"@type\":\"WebPage\",\"@id\":\"https:\\\/\\\/trendsanita.it\\\/en\\\/podcast\\\/sanita-digitale-e-salute-circolare-il-ruolo-strategico-del-dato\\\/\",\"url\":\"https:\\\/\\\/trendsanita.it\\\/en\\\/podcast\\\/sanita-digitale-e-salute-circolare-il-ruolo-strategico-del-dato\\\/\",\"name\":\"Sanit\u00e0 digitale e salute circolare: il ruolo strategico del dato - TrendSanit\u00e0\",\"isPartOf\":{\"@id\":\"https:\\\/\\\/trendsanita.it\\\/en\\\/#website\"},\"primaryImageOfPage\":{\"@id\":\"https:\\\/\\\/trendsanita.it\\\/en\\\/podcast\\\/sanita-digitale-e-salute-circolare-il-ruolo-strategico-del-dato\\\/#primaryimage\"},\"image\":{\"@id\":\"https:\\\/\\\/trendsanita.it\\\/en\\\/podcast\\\/sanita-digitale-e-salute-circolare-il-ruolo-strategico-del-dato\\\/#primaryimage\"},\"thumbnailUrl\":\"https:\\\/\\\/trendsanita.it\\\/wp-content\\\/uploads\\\/2023\\\/12\\\/logo-TrendView.jpg\",\"datePublished\":\"2025-10-22T04:12:00+00:00\",\"dateModified\":\"2025-11-16T11:24:11+00:00\",\"description\":\"Ascolta il podcast con Marisa De Rosa sulla cultura del dato in sanit\u00e0. Il tema sar\u00e0 al centro del convegno ASSD del 27 ottobre a Bologna\",\"breadcrumb\":{\"@id\":\"https:\\\/\\\/trendsanita.it\\\/en\\\/podcast\\\/sanita-digitale-e-salute-circolare-il-ruolo-strategico-del-dato\\\/#breadcrumb\"},\"inLanguage\":\"en-US\",\"potentialAction\":[{\"@type\":\"ReadAction\",\"target\":[\"https:\\\/\\\/trendsanita.it\\\/en\\\/podcast\\\/sanita-digitale-e-salute-circolare-il-ruolo-strategico-del-dato\\\/\"]}]},{\"@type\":\"ImageObject\",\"inLanguage\":\"en-US\",\"@id\":\"https:\\\/\\\/trendsanita.it\\\/en\\\/podcast\\\/sanita-digitale-e-salute-circolare-il-ruolo-strategico-del-dato\\\/#primaryimage\",\"url\":\"https:\\\/\\\/trendsanita.it\\\/wp-content\\\/uploads\\\/2023\\\/12\\\/logo-TrendView.jpg\",\"contentUrl\":\"https:\\\/\\\/trendsanita.it\\\/wp-content\\\/uploads\\\/2023\\\/12\\\/logo-TrendView.jpg\",\"width\":920,\"height\":617},{\"@type\":\"BreadcrumbList\",\"@id\":\"https:\\\/\\\/trendsanita.it\\\/en\\\/podcast\\\/sanita-digitale-e-salute-circolare-il-ruolo-strategico-del-dato\\\/#breadcrumb\",\"itemListElement\":[{\"@type\":\"ListItem\",\"position\":1,\"name\":\"Home\",\"item\":\"https:\\\/\\\/trendsanita.it\\\/en\\\/\"},{\"@type\":\"ListItem\",\"position\":2,\"name\":\"Podcast\",\"item\":\"https:\\\/\\\/trendsanita.it\\\/en\\\/podcast\\\/\"},{\"@type\":\"ListItem\",\"position\":3,\"name\":\"Sanit\u00e0 digitale e salute circolare: il ruolo strategico del dato\"}]},{\"@type\":\"WebSite\",\"@id\":\"https:\\\/\\\/trendsanita.it\\\/en\\\/#website\",\"url\":\"https:\\\/\\\/trendsanita.it\\\/en\\\/\",\"name\":\"TrendSanit\u00e0\",\"description\":\"\",\"publisher\":{\"@id\":\"https:\\\/\\\/trendsanita.it\\\/en\\\/#organization\"},\"potentialAction\":[{\"@type\":\"SearchAction\",\"target\":{\"@type\":\"EntryPoint\",\"urlTemplate\":\"https:\\\/\\\/trendsanita.it\\\/en\\\/?s={search_term_string}\"},\"query-input\":{\"@type\":\"PropertyValueSpecification\",\"valueRequired\":true,\"valueName\":\"search_term_string\"}}],\"inLanguage\":\"en-US\"},{\"@type\":\"Organization\",\"@id\":\"https:\\\/\\\/trendsanita.it\\\/en\\\/#organization\",\"name\":\"TrendSanit\u00e0\",\"url\":\"https:\\\/\\\/trendsanita.it\\\/en\\\/\",\"logo\":{\"@type\":\"ImageObject\",\"inLanguage\":\"en-US\",\"@id\":\"https:\\\/\\\/trendsanita.it\\\/en\\\/#\\\/schema\\\/logo\\\/image\\\/\",\"url\":\"http:\\\/\\\/trendsanita.it\\\/wp-content\\\/uploads\\\/2022\\\/12\\\/TrendSanita.png\",\"contentUrl\":\"http:\\\/\\\/trendsanita.it\\\/wp-content\\\/uploads\\\/2022\\\/12\\\/TrendSanita.png\",\"width\":364,\"height\":120,\"caption\":\"TrendSanit\u00e0\"},\"image\":{\"@id\":\"https:\\\/\\\/trendsanita.it\\\/en\\\/#\\\/schema\\\/logo\\\/image\\\/\"},\"sameAs\":[\"https:\\\/\\\/x.com\\\/TrendSanita\",\"https:\\\/\\\/www.linkedin.com\\\/showcase\\\/trendsanita\",\"https:\\\/\\\/www.youtube.com\\\/channel\\\/UCJTchfw1LjfF4Odc7zoHWlA\"]}]}<\/script>\n<!-- \/ Yoast SEO plugin. -->","yoast_head_json":{"title":"Sanit\u00e0 digitale e salute circolare: il ruolo strategico del dato - TrendSanit\u00e0","description":"Ascolta il podcast con Marisa De Rosa sulla cultura del dato in sanit\u00e0. Il tema sar\u00e0 al centro del convegno ASSD del 27 ottobre a Bologna","robots":{"index":"index","follow":"follow","max-snippet":"max-snippet:-1","max-image-preview":"max-image-preview:large","max-video-preview":"max-video-preview:-1"},"canonical":"https:\/\/trendsanita.it\/en\/podcast\/sanita-digitale-e-salute-circolare-il-ruolo-strategico-del-dato\/","twitter_card":"summary_large_image","twitter_title":"Sanit\u00e0 digitale e salute circolare: il ruolo strategico del dato - TrendSanit\u00e0","twitter_description":"Ascolta il podcast con Marisa De Rosa sulla cultura del dato in sanit\u00e0. Il tema sar\u00e0 al centro del convegno ASSD del 27 ottobre a Bologna","twitter_image":"https:\/\/trendsanita.it\/wp-content\/uploads\/2023\/12\/logo-TrendView.jpg","twitter_site":"@TrendSanita","schema":{"@context":"https:\/\/schema.org","@graph":[{"@type":"WebPage","@id":"https:\/\/trendsanita.it\/en\/podcast\/sanita-digitale-e-salute-circolare-il-ruolo-strategico-del-dato\/","url":"https:\/\/trendsanita.it\/en\/podcast\/sanita-digitale-e-salute-circolare-il-ruolo-strategico-del-dato\/","name":"Sanit\u00e0 digitale e salute circolare: il ruolo strategico del dato - TrendSanit\u00e0","isPartOf":{"@id":"https:\/\/trendsanita.it\/en\/#website"},"primaryImageOfPage":{"@id":"https:\/\/trendsanita.it\/en\/podcast\/sanita-digitale-e-salute-circolare-il-ruolo-strategico-del-dato\/#primaryimage"},"image":{"@id":"https:\/\/trendsanita.it\/en\/podcast\/sanita-digitale-e-salute-circolare-il-ruolo-strategico-del-dato\/#primaryimage"},"thumbnailUrl":"https:\/\/trendsanita.it\/wp-content\/uploads\/2023\/12\/logo-TrendView.jpg","datePublished":"2025-10-22T04:12:00+00:00","dateModified":"2025-11-16T11:24:11+00:00","description":"Ascolta il podcast con Marisa De Rosa sulla cultura del dato in sanit\u00e0. Il tema sar\u00e0 al centro del convegno ASSD del 27 ottobre a Bologna","breadcrumb":{"@id":"https:\/\/trendsanita.it\/en\/podcast\/sanita-digitale-e-salute-circolare-il-ruolo-strategico-del-dato\/#breadcrumb"},"inLanguage":"en-US","potentialAction":[{"@type":"ReadAction","target":["https:\/\/trendsanita.it\/en\/podcast\/sanita-digitale-e-salute-circolare-il-ruolo-strategico-del-dato\/"]}]},{"@type":"ImageObject","inLanguage":"en-US","@id":"https:\/\/trendsanita.it\/en\/podcast\/sanita-digitale-e-salute-circolare-il-ruolo-strategico-del-dato\/#primaryimage","url":"https:\/\/trendsanita.it\/wp-content\/uploads\/2023\/12\/logo-TrendView.jpg","contentUrl":"https:\/\/trendsanita.it\/wp-content\/uploads\/2023\/12\/logo-TrendView.jpg","width":920,"height":617},{"@type":"BreadcrumbList","@id":"https:\/\/trendsanita.it\/en\/podcast\/sanita-digitale-e-salute-circolare-il-ruolo-strategico-del-dato\/#breadcrumb","itemListElement":[{"@type":"ListItem","position":1,"name":"Home","item":"https:\/\/trendsanita.it\/en\/"},{"@type":"ListItem","position":2,"name":"Podcast","item":"https:\/\/trendsanita.it\/en\/podcast\/"},{"@type":"ListItem","position":3,"name":"Sanit\u00e0 digitale e salute circolare: il ruolo strategico del dato"}]},{"@type":"WebSite","@id":"https:\/\/trendsanita.it\/en\/#website","url":"https:\/\/trendsanita.it\/en\/","name":"TrendSanit\u00e0","description":"","publisher":{"@id":"https:\/\/trendsanita.it\/en\/#organization"},"potentialAction":[{"@type":"SearchAction","target":{"@type":"EntryPoint","urlTemplate":"https:\/\/trendsanita.it\/en\/?s={search_term_string}"},"query-input":{"@type":"PropertyValueSpecification","valueRequired":true,"valueName":"search_term_string"}}],"inLanguage":"en-US"},{"@type":"Organization","@id":"https:\/\/trendsanita.it\/en\/#organization","name":"TrendSanit\u00e0","url":"https:\/\/trendsanita.it\/en\/","logo":{"@type":"ImageObject","inLanguage":"en-US","@id":"https:\/\/trendsanita.it\/en\/#\/schema\/logo\/image\/","url":"http:\/\/trendsanita.it\/wp-content\/uploads\/2022\/12\/TrendSanita.png","contentUrl":"http:\/\/trendsanita.it\/wp-content\/uploads\/2022\/12\/TrendSanita.png","width":364,"height":120,"caption":"TrendSanit\u00e0"},"image":{"@id":"https:\/\/trendsanita.it\/en\/#\/schema\/logo\/image\/"},"sameAs":["https:\/\/x.com\/TrendSanita","https:\/\/www.linkedin.com\/showcase\/trendsanita","https:\/\/www.youtube.com\/channel\/UCJTchfw1LjfF4Odc7zoHWlA"]}]}},"_links":{"self":[{"href":"https:\/\/trendsanita.it\/en\/wp-json\/wp\/v2\/podcast\/53328","targetHints":{"allow":["GET"]}}],"collection":[{"href":"https:\/\/trendsanita.it\/en\/wp-json\/wp\/v2\/podcast"}],"about":[{"href":"https:\/\/trendsanita.it\/en\/wp-json\/wp\/v2\/types\/podcast"}],"author":[{"embeddable":true,"href":"https:\/\/trendsanita.it\/en\/wp-json\/wp\/v2\/users\/91"}],"version-history":[{"count":0,"href":"https:\/\/trendsanita.it\/en\/wp-json\/wp\/v2\/podcast\/53328\/revisions"}],"wp:featuredmedia":[{"embeddable":true,"href":"https:\/\/trendsanita.it\/en\/wp-json\/wp\/v2\/media\/28929"}],"wp:attachment":[{"href":"https:\/\/trendsanita.it\/en\/wp-json\/wp\/v2\/media?parent=53328"}],"wp:term":[{"taxonomy":"post_tag","embeddable":true,"href":"https:\/\/trendsanita.it\/en\/wp-json\/wp\/v2\/tags?post=53328"},{"taxonomy":"rubrica","embeddable":true,"href":"https:\/\/trendsanita.it\/en\/wp-json\/wp\/v2\/rubrica?post=53328"},{"taxonomy":"speciale","embeddable":true,"href":"https:\/\/trendsanita.it\/en\/wp-json\/wp\/v2\/speciale?post=53328"},{"taxonomy":"serie","embeddable":true,"href":"https:\/\/trendsanita.it\/en\/wp-json\/wp\/v2\/serie?post=53328"}],"curies":[{"name":"wp","href":"https:\/\/api.w.org\/{rel}","templated":true}]}}

Sanità digitale e salute circolare: il ruolo strategico del dato

<p>Per <strong>Marisa De Rosa</strong> (esperta di sanità digitale, membro del direttivo ASSD e già direttrice del dipartimento di sanità del Cineca), il dato rappresenta la chiave per una sanità più intelligente e sostenibile: uno strumento capace di migliorare la qualità delle cure, supportare le decisioni cliniche e rendere il paziente parte attiva del proprio percorso di salute.</p>



<p>Nell&#8217;intervista a <em>TrendSanità</em>, De Rosa riflette sul <strong>valore strategico dei dati per il SSN</strong> e sulla necessità di una governance capace di trasformarli in conoscenza e innovazione.</p>



<p>L’occasione di approfondire il tema sarà il <strong>27 ottobre a Bologna</strong>, durante il convegno <em>“<a href="https://assd.it/news/la-sanita-del-futuro-dati-tecnologie-e-salute-circolare/" target="_blank" rel="noreferrer noopener">La sanità del futuro: dati, tecnologie e salute circolare</a>”</em> promosso da <strong>ASSD</strong> (Associazione Scientifica per la Sanità Digitale), di cui <em>TrendSanità</em> è media partner.</p>



<p></p>

<p>Intervista a Marisa De Rosa (esperta di sanità digitale, membro del direttivo ASSD e già direttrice del dipartimento di sanità del Cineca) sulla cultura del dato in Italia</p>

<!-- This site is optimized with the Yoast SEO plugin v27.4 - https://yoast.com/product/yoast-seo-wordpress/ -->
<title>Sanità digitale e salute circolare: il ruolo strategico del dato - TrendSanità</title>
<meta name="description" content="Ascolta il podcast con Marisa De Rosa sulla cultura del dato in sanità. Il tema sarà al centro del convegno ASSD del 27 ottobre a Bologna" />
<meta name="robots" content="index, follow, max-snippet:-1, max-image-preview:large, max-video-preview:-1" />
<link rel="canonical" href="https://trendsanita.it/en/podcast/sanita-digitale-e-salute-circolare-il-ruolo-strategico-del-dato/" />
<meta name="twitter:card" content="summary_large_image" />
<meta name="twitter:title" content="Sanità digitale e salute circolare: il ruolo strategico del dato - TrendSanità" />
<meta name="twitter:description" content="Ascolta il podcast con Marisa De Rosa sulla cultura del dato in sanità. Il tema sarà al centro del convegno ASSD del 27 ottobre a Bologna" />
<meta name="twitter:image" content="https://trendsanita.it/wp-content/uploads/2023/12/logo-TrendView.jpg" />
<meta name="twitter:site" content="@TrendSanita" />
<script type="application/ld+json" class="yoast-schema-graph">{"@context":"https:\/\/schema.org","@graph":[{"@type":"WebPage","@id":"https:\/\/trendsanita.it\/en\/podcast\/sanita-digitale-e-salute-circolare-il-ruolo-strategico-del-dato\/","url":"https:\/\/trendsanita.it\/en\/podcast\/sanita-digitale-e-salute-circolare-il-ruolo-strategico-del-dato\/","name":"Sanità digitale e salute circolare: il ruolo strategico del dato - TrendSanità","isPartOf":{"@id":"https:\/\/trendsanita.it\/en\/#website"},"primaryImageOfPage":{"@id":"https:\/\/trendsanita.it\/en\/podcast\/sanita-digitale-e-salute-circolare-il-ruolo-strategico-del-dato\/#primaryimage"},"image":{"@id":"https:\/\/trendsanita.it\/en\/podcast\/sanita-digitale-e-salute-circolare-il-ruolo-strategico-del-dato\/#primaryimage"},"thumbnailUrl":"https:\/\/trendsanita.it\/wp-content\/uploads\/2023\/12\/logo-TrendView.jpg","datePublished":"2025-10-22T04:12:00+00:00","dateModified":"2025-11-16T11:24:11+00:00","description":"Ascolta il podcast con Marisa De Rosa sulla cultura del dato in sanità. Il tema sarà al centro del convegno ASSD del 27 ottobre a Bologna","breadcrumb":{"@id":"https:\/\/trendsanita.it\/en\/podcast\/sanita-digitale-e-salute-circolare-il-ruolo-strategico-del-dato\/#breadcrumb"},"inLanguage":"en-US","potentialAction":[{"@type":"ReadAction","target":["https:\/\/trendsanita.it\/en\/podcast\/sanita-digitale-e-salute-circolare-il-ruolo-strategico-del-dato\/"]}]},{"@type":"ImageObject","inLanguage":"en-US","@id":"https:\/\/trendsanita.it\/en\/podcast\/sanita-digitale-e-salute-circolare-il-ruolo-strategico-del-dato\/#primaryimage","url":"https:\/\/trendsanita.it\/wp-content\/uploads\/2023\/12\/logo-TrendView.jpg","contentUrl":"https:\/\/trendsanita.it\/wp-content\/uploads\/2023\/12\/logo-TrendView.jpg","width":920,"height":617},{"@type":"BreadcrumbList","@id":"https:\/\/trendsanita.it\/en\/podcast\/sanita-digitale-e-salute-circolare-il-ruolo-strategico-del-dato\/#breadcrumb","itemListElement":[{"@type":"ListItem","position":1,"name":"Home","item":"https:\/\/trendsanita.it\/en\/"},{"@type":"ListItem","position":2,"name":"Podcast","item":"https:\/\/trendsanita.it\/en\/podcast\/"},{"@type":"ListItem","position":3,"name":"Sanità digitale e salute circolare: il ruolo strategico del dato"}]},{"@type":"WebSite","@id":"https:\/\/trendsanita.it\/en\/#website","url":"https:\/\/trendsanita.it\/en\/","name":"TrendSanità","description":"","publisher":{"@id":"https:\/\/trendsanita.it\/en\/#organization"},"potentialAction":[{"@type":"SearchAction","target":{"@type":"EntryPoint","urlTemplate":"https:\/\/trendsanita.it\/en\/?s={search_term_string}"},"query-input":{"@type":"PropertyValueSpecification","valueRequired":true,"valueName":"search_term_string"}}],"inLanguage":"en-US"},{"@type":"Organization","@id":"https:\/\/trendsanita.it\/en\/#organization","name":"TrendSanità","url":"https:\/\/trendsanita.it\/en\/","logo":{"@type":"ImageObject","inLanguage":"en-US","@id":"https:\/\/trendsanita.it\/en\/#\/schema\/logo\/image\/","url":"http:\/\/trendsanita.it\/wp-content\/uploads\/2022\/12\/TrendSanita.png","contentUrl":"http:\/\/trendsanita.it\/wp-content\/uploads\/2022\/12\/TrendSanita.png","width":364,"height":120,"caption":"TrendSanità"},"image":{"@id":"https:\/\/trendsanita.it\/en\/#\/schema\/logo\/image\/"},"sameAs":["https:\/\/x.com\/TrendSanita","https:\/\/www.linkedin.com\/showcase\/trendsanita","https:\/\/www.youtube.com\/channel\/UCJTchfw1LjfF4Odc7zoHWlA"]}]}</script>
<!-- / Yoast SEO plugin. -->

Sanità digitale e salute circolare: il ruolo strategico del dato - TrendSanità

Ascolta il podcast con Marisa De Rosa sulla cultura del dato in sanità. Il tema sarà al centro del convegno ASSD del 27 ottobre a Bologna

TrendSanità
